 1 + -1. Let k be (j - 7)*(-3 - 0). Suppose -i = -4*m + 76, -3*m + 29 = i - k. What is the remainder when m is divided by 5?
3
Let q(c) = -3 + 6 + 46*c - 38 + 5 - 93*c. Calculate the remainder when 57 is divided by q(-1).
6
Suppose -8*u = -k - 4*u + 125, 0 = 5*k - 2*u - 643. What is the remainder when k is divided by 39?
12
Let y = 45 - 44. Let g be 810/80 - y/8. Suppose 0 = -g*b + 266 + 94. Calculate the remainder when 215 is divided by b.
35
Let d(o) = -8*o - 38. Let k be d(-5). Suppose -29*s - 918 = -2*y - 27*s, 4*y - 1848 = -k*s. Calculate the remainder when y is divided by 18.
11
Suppose 2*d - d - 28 = 0. Suppose -16 = 4*l, -5*b - 4*l + 4142 = 383. What is the remainder when b is divided by d?
27
Let s = -442 - -765. Let f = s - 189. Calculate the remainder when f is divided by 47.
40
Let f(z) = -z**3 + 17*z**2 - 6*z - 13. Let w be f(13). Let v = -297 + w. Calculate the remainder when v is divided by 10.
8
Let w(f) = f**3 - 7*f**2 + f - 49. Let n = 666 - 648. Calculate the remainder when w(12) is divided by n.
17
Let v be (-4)/((-12)/(-9)) + 4 - 9. Let b be v/28 - 2715/(-21). Suppose 0 = 3*a + 5*d - b, 5*d - 20 = 2*a - 131. What is the remainder when a is divided by 5?
3
Suppose -5*h - 25 = -5*n, 2*n - n + 4*h = 0. Suppose 7*v + 4*b = 11*v, -2*v + 32 = 2*b. Calculate the remainder when v is divided by n.
0
Suppose 27*i = 25*i + 4. Suppose 3*a - 11 = 2*x, -4*a + 14 = -4*x - i. Let f(d) = -50*d - 3. Calculate the remainder when f(x) is divided by 17.
13
Let b(r) = -33*r + 49. Let v be b(0). Suppose 0 = 8*d - 7*d - 4*z - 42, -d + v = 3*z. What is the remainder when 919 is divided by d?
45
Let h(o) = -9*o - 6. Let c be h(-2). Suppose -4*u + u = -c. Suppose 2*p + 0*p = 4, 4*p - u = 2*n. What is the remainder when 5 is divided by n?
1
What is the remainder when -10 - (-3 - (3 + 1468)) is divided by 20?
4
Calculate the remainder when (-168)/378*(-1495 - -1) is divided by 162.
16
Suppose -3*m - 71 = 5*o - 171, 3*m - 54 = -3*o. Calculate the remainder when 1989 is divided by o.
11
Let y be -173*4 + 8/((-16)/10). Let d = 1206 + y. What is the remainder when d is divided by 34?
33
Let k(z) be the third derivative of z**5/60 + 7*z**4/12 - 41*z**3/6 + 13*z**2. What is the remainder when k(-17) is divided by 5?
0
Let g(u) = 1 - 3 + 4 + 3*u - 5. What is the remainder when g(15) is divided by (22/(-8))/(4*(-7)/112)?
9
Let s = -545 - -557. Let m(p) = p**3 - 27*p**2 + 182*p + 9. What is the remainder when 395 is divided by m(s)?
32
Let w(g) be the third derivative of -g**5/60 + g**4/3 - 39*g**2. What is the remainder when (-7)/((-196)/(-16)) + (-610)/(-14) is divided by w(5)?
13
Let q(k) = -k + 19. Let c = -77 - -89. Suppose s + 4*w - 4 = 14, 4*w - c = 0. What is the remainder when q(s) is divided by 11?
2
Suppose -4*f + 7*d + 3392 = -8*d, -2*f = 4*d - 1650. Calculate the remainder when f is divided by 262.
47
Suppose -164*f + 1816 = -644. What is the remainder when 462 is divided by f?
12
Let w(f) = 3*f**2 - 69*f + 485. What is the remainder when 15840 is divided by w(11)?
87
Suppose 33*n = -134*n + 3895 + 5457. What is the remainder when n is divided by 9?
2
Suppose -21*t + 26*t - 75 = 0. Let v = 340 + -296. What is the remainder when v is divided by t?
14
Let v(d) = 3*d**2 + 10*d - 32. Let r be v(-10). Suppose 4*g - r = -2*z, -g + 0*z + z + 36 = 0. What is the remainder when g is divided by 24?
16
Let a(n) = -n + 1. Let q(x) = 10. Suppose f - 14 + 15 = 0. Let y(u) = f*q(u) + 2*a(u). Calculate the remainder when 15 is divided by y(-8).
7
Let j = -5523 + 5711. Calculate the remainder when j is divided by (-1 - -1) + 2 + 36.
36
Let n be (-84)/(-5)*(-100)/(-30). Suppose n*v + 57 = 59*v. Calculate the remainder when v is divided by 2.
1
Suppose -26 = -q + 5. Let g = -4 + 11. Calculate the remainder when q is divided by g.
3
Let y(q) = 6 + 0 - 61*q + 28*q + 30*q + 0. Let z(c) = c**3 + 2*c**2 - 4*c - 3. Let t be z(-3). What is the remainder when 10 is divided by y(t)?
4
Let i(d) = 2*d**2 + d - 2. Suppose -w + 1 + 5 = 0. Let p be i(w). Let h = p - 40. What is the remainder when h is divided by 20?
16
Suppose 13736 = -363*c + 521210. Calculate the remainder when c is divided by 61.
56
Calculate the remainder when ((-276)/(-8))/(((-18)/160)/(78/(-52))) is divided by 230.
0
Suppose 5*z + 436 = f, 1044 = 4*f + 4*z - 604. Let l = 572 - f. Calculate the remainder when l is divided by 70.
16
Calculate the remainder when 519 is divided by (-30)/(-7 + 2) + -10 + 186.
155
What is the remainder when 2644 is divided by -3 + (2/(-8) + (-75)/(-12) - -95)?
96
Let d(i) = -3*i**2 - 18*i - 42. Let s be d(-12). Let c = -199 - s. What is the remainder when c is divided by 19?
2
Suppose 0 = -0*g + 5*g + 23*g. Suppose c - 2*k = 44, g*c + 3*k - 96 = -3*c. What is the remainder when 124 is divided by c?
16
Let l = 2098 + -1319. Calculate the remainder when l is divided by 23.
20
Calculate the remainder when 2231 is divided by 105/(-315)*(3 + -450).
145
Suppose 181 = 2*x + 3*c, -3*c - 10 = -c. Suppose 334 = o + o. Suppose 0 = 3*q + y - o, 0 = 4*q - 2*q - 2*y - x. What is the remainder when q is divided by 19?
16
Suppose 5*x - 3493 = -3*z, 0 = -2*x + 6*z - 2*z + 1366. What is the remainder when x is divided by 353?
342
Let r = 2655 - 2572. Calculate the remainder when r is divided by 22.
17
Let u(l) = 152*l + 893. What is the remainder when 133 is divided by u(-5)?
0
Let j(k) = 2*k**2 - 128*k - 883. What is the remainder when 1107 is divided by j(-7)?
108
Suppose -3*v + 2868 = 5*s, -4*v + 4315 = 2*s + 519. Calculate the remainder when 2844 is divided by v.
6
Suppose v + 0*v - 49 = 0. Suppose 51*p - 62*p = -55. Suppose -f + p*w + 23 = 0, -4*f + 84 = 2*w - 30. Calculate the remainder when v is divided by f.
21
Let s = 32 + -33. Let j be (0 - s)/1*(-22 + 131). Suppose -104*w + j*w = 245. Calculate the remainder when w is divided by 4.
1
Suppose 0 = -2*p + 9*p + 14. Let m be (-4)/(-1) - (3 + p). What is the remainder when 14 is divided by ((m/(-6))/1)/(8/(-64))?
2
Suppose 2198 = 2*v - 321*k + 320*k, 5477 = 5*v + 2*k. Calculate the remainder when v is divided by 274.
1
What is the remainder when 127 is divided by ((1890/(-33))/(-7))/((-6)/(-44))?
7
Let l = -20 + 25. Let r = 9 + 29. Let w = -34 + r. What is the remainder when l is divided by w?
1
Let r(l) = 8*l**2 - 418*l + 16. What is the remainder when r(53) is divided by 73?
42
Suppose 6*o - 2770 - 218 = 0. What is the remainder when ((-18)/4 - -4)*o/(-3) is divided by 33?
17
Let n be (-11193)/(-33) + (-2)/11. Let d be (-57)/(-12)*(-2 - 46). Let c = d + n. What is the remainder when c is divided by 29?
24
Let f = -29 + 29. Suppose f = 65*l - 55*l - 220. Calculate the remainder when l is divided by 4.
2
Let l(m) = 3*m**2 + 2*m - 7. Suppose -67*j + 389 + 11931 = 3*j. Calculate the remainder when j is divided by l(-5).
2
Let b = 1807 - 1788. Calculate the remainder when 737 is divided by b.
15
Let i(l) = l - 2. Let u be i(1). Let j be u/5 - (-504)/(-105). Let t(k) = 3*k**2 - 8*k + 6. Calculate the remainder when t(j) is divided by 25.
21
Let a be (-8 - (-174)/15)*5/3. Let o(g) = -g**3 + 5*g**2 + g + 49. Suppose -5*b + 49 = -6. What is the remainder when o(a) is divided by b?
8
Suppose r - 97*y - 27 = -92*y, y = -2*r + 43. Let x = 41 - -29. Calculate the remainder when x is divided by r.
4
Suppose -4*x - 18 + 4 = -2*g, -g = 4*x + 5. Calculate the remainder when (g - 6)/((-24)/248) is divided by 12.
7
Let d(v) = 4*v**2 - 6*v - 4. Suppose -n = 4*n + 4*p + 37, -3*n - 3 = -4*p. What is the remainder when d(n) is divided by 8?
6
Let n be 5/(-1) + 3 + -838 - -5. Let y = n - -910. Calculate the remainder when 749 is divided by y.
74
Let i be 0 + 4 + -4 + -1 + 4. Suppose 0 = -u - 2*x + 30, i*u = -u + 3*x + 142. Suppose -11*v = 2*v - 1755. What is the remainder when v is divided by u?
33
Suppose 0 = 3*v + 4*n - 30, -3*n + 23 = -2*v + 26. Suppose v*p + 10 - 46 = 0. Calculate the remainder when 53 is divided by p.
5
Suppose -4 = -2*z, 0 = -4*j - 6*z + 2*z + 20. Suppose -587 = -4*t + j*h, -5*t + h + 760 = 6*h. Let b = -131 + t. Calculate the remainder when b is divided by 8.
2
What is the remainder when ((-1261 - 2) + 9/3)/((-33)/110) is divided by 22?
20
Suppose 11*l - 9*l = -5*a - 6, -l = -a - 4. What is the remainder when (7 + -5)*227/l*1 is divid